1) - -2. Let y = -15 + 25. Let v = y + -8. What is the greatest common divisor of v and j?
1
Suppose 0 = 3*g - 5*h + 6, -3 = -3*g + 3*h - h. Calculate the greatest common factor of g and 3.
3
Suppose -2*u + 0*u + 4*o + 32 = 0, 0 = -3*u - 4*o + 48. Calculate the greatest common factor of 24 and u.
8
Suppose 3 = -q - 5*t, 4 = -t + 2. Suppose -50 = 2*o - q*o. What is the highest common divisor of o and 30?
10
Suppose -6 + 8 = 2*g. Calculate the highest common factor of g and 9.
1
Let h be (-6)/(-5)*(-50)/(-3). Calculate the highest common divisor of h and 30.
10
Suppose -4*q = 13 - 161. Let l = q - -7. Let u = l - 30. What is the greatest common factor of u and 112?
14
Let z(u) = -u**2 - 12*u. Let o(r) = -10*r**2 - r + 1. Let h be o(1). Let d be z(h). Calculate the highest common divisor of 4 and d.
4
Let y(u) = -u**3 + 3*u**2 + u - 1. Let l be y(3). Suppose -60 = -l*r - 2*r. Calculate the highest common factor of 135 and r.
15
Let a be (1 + 4/(-2))*-27. Let v = 83 - 65. Calculate the highest common factor of v and a.
9
Let z(d) = 3*d**2 - 10*d + 6. Let l be z(3). Calculate the highest common divisor of 6 and l.
3
Let x(v) = -v**2 - 3*v + 3. Let l be x(-6). Let f = -7 - l. What is the highest common factor of 8 and f?
8
Suppose 52*q - 56*q = -48. Calculate the greatest common factor of 8 and q.
4
Suppose 5*h = -3*x + 37, 5*x + 0*h + 5 = 5*h. Suppose -x*w + 239 = 35. Let n(t) = 4*t - 3. Let v be n(5). What is the highest common factor of w and v?
17
Let y = 32 + 1. Let h be y/4 + 1/(-4). What is the highest common factor of h and 72?
8
Suppose 0 = -y - 2 - 0. Let r(k) = 5*k**2 + 4*k + 3. Let m be r(y). Let j be 2 + 72 - (1 + -2). What is the greatest common factor of m and j?
15
Let o(s) = -5*s - 29. Let h be o(-6). What is the highest common factor of h and 19?
1
Suppose 0 = 3*l - 4*o - 155, 0 = -3*l - 0*l + 2*o + 145. Let a = 14 - -4. What is the greatest common divisor of l and a?
9
Let v(c) = -2*c**2 + 23*c + 15. Let o be v(9). Calculate the greatest common factor of 15 and o.
15
Suppose 4*f = 16, -5*f + 60 = 9*v - 4*v. Let p be (-86)/(15/(-6) - -2). Suppose 9 = d + 2*d, 5*k = -4*d + p. What is the highest common divisor of k and v?
8
Let n be ((-1 - -2)/1)/(12/1152). What is the highest common factor of n and 24?
24
Let u(o) = 4*o**2 + 2. Let k be u(2). Suppose -18*i + 22*i - 648 = 0. What is the greatest common divisor of k and i?
18
Let c be ((-20)/(-8))/(2/16). What is the highest common factor of 30 and c?
10
Suppose 0 = h + 2*h - 15. Let n be 16/10 - (-2)/h. Suppose -180 = -v - n*v. What is the greatest common divisor of 24 and v?
12
Let j = 583 - 271. Suppose -4*w + j = -w. What is the highest common factor of w and 26?
26
Suppose 80 = d + 4*t - 248, -2*d + 4*t = -596. What is the highest common factor of 28 and d?
28
Let p(s) = -2*s - 8. Suppose 9 = -3*m - 9. Let l be p(m). Suppose 6*n = l*n + 16. What is the greatest common factor of n and 4?
4
Let z(n) = -n**2 + 14. Let s be z(0). Let a be 3 - (-2)/(-2)*1. Suppose -5*r = -4*r - a. Calculate the highest common divisor of r and s.
2
Let k = -10 + 17. Suppose 0 = -5*u + k + 13. Calculate the highest common divisor of 28 and u.
4
Let d be (4 - 8)/(4/(-30)). What is the greatest common factor of 12 and d?
6
Suppose -13*q + 187 = 4*q. Let i(m) = -m - 3 + m**3 - 2*m + 6*m. Let r be i(2). Calculate the highest common divisor of r and q.
11
Suppose -235 = -4*j + 161. What is the highest common divisor of 9 and j?
9
Suppose 0 = -4*g + 191 - 19. Suppose -4*l = -1 - g. Let n = 23 - -10. What is the highest common factor of l and n?
11
Let b be 7/(-28) - 13/(-4). Suppose 2*f - 100 = -b*f. Let h = -8 + 18. Calculate the highest common divisor of h and f.
10
Let a be 632/20 - -1 - 18/30. Calculate the highest common factor of a and 48.
16
Let h(o) = o + 8. Let t be h(-7). Let a be -3 + 0 - (-11 - t). Let b = a - -10. What is the greatest common factor of 76 and b?
19
Let f = -116 - -136. Suppose -c - 4*u + 104 = 0, -2*u - 98 = -2*c + c. Calculate the highest common factor of c and f.
20
Suppose 5*i = 5*p + 275, 4*i + 3*p - 6*p = 220. What is the highest common divisor of i and 5?
5
Let p = -2 - -3. Suppose 2*n + o = 8, o + 3 = -3*n + 14. What is the highest common factor of n and p?
1
Let r(o) = o**3 + 12*o**2 - 3*o - 7. Let l be r(-12). What is the highest common factor of 29 and l?
29
Suppose v - 9 = 57. Calculate the greatest common divisor of 6 and v.
6
Suppose 0*y + 9 = 3*y. Calculate the greatest common factor of y and 33.
3
Suppose 3*o - 5 = 1. Suppose -6*r + o*r = -36. Suppose -4*j + 108 = -0*j. Calculate the highest common divisor of r and j.
9
Let k(q) = -q**2 + 13*q. Let w = -5 - -14. Let f be k(w). What is the highest common factor of 12 and f?
12
Suppose -u + 197 = 3*m - 302, -3*u = -4*m + 687. What is the highest common divisor of 21 and m?
21
Suppose i = 4*i - 48. Calculate the highest common divisor of 24 and i.
8
Let f = 22 + -19. Suppose -2*y + 15 - f = 0. Calculate the greatest common divisor of 66 and y.
6
Suppose -4*k - 24 = -7*k. Let x be 7/(-7) - (-1 + -2). Let f be 1 - x/(2/(-87)). What is the highest common divisor of f and k?
8
Let f be (1 - 2) + 15/3. Suppose f*i - 3*s = 58, -5*s - 43 = -3*i + 6. What is the greatest common factor of i and 39?
13
Let n = 179 + -139. What is the greatest common divisor of n and 440?
40
Suppose -52 = 4*v - 5*v. Suppose -128 - v = -4*u. Let w(i) = -i**3 - 5*i**2 + 2*i + 6. Let d be w(-6). What is the highest common divisor of d and u?
15
Suppose l = 0, 5*x + l + 232 = -113. Let s = -33 - x. What is the highest common factor of 18 and s?
18
Suppose d - 69 = -5*f, 4*f - 2*d = -d + 48. Let u(m) = 11*m**3 + m + 1. Let n be u(2). Calculate the greatest common divisor of n and f.
13
Suppose -11*i + 643 + 127 = 0. Let x be 4*(6 + (3 - 2)). Calculate the highest common divisor of i and x.
14
Let x = 60 + -48. Let m = 2 + 10. What is the highest common divisor of m and x?
12
Let l be -2 + 4 - (-2)/2. Suppose 0*g + g = 2, -l*t + 15 = -3*g. Suppose -4*u + 64 + 95 = 5*n, -55 = -n + 5*u. Calculate the highest common factor of t and n.
7
Suppose -2*q + 21 = 1. Let l be ((-4)/q)/(3/(-90)). What is the greatest common divisor of l and 36?
12
Suppose -y + 7 = -1. Suppose 16 = 3*i - 2*d, y*d - 4*d + 24 = 4*i. Suppose -i*w = 0, -2*p - w = -49 - 5. Calculate the highest common factor of p and 18.
9
Suppose 28 = 5*s + 3. Suppose -3*v + s = -46. Calculate the highest common divisor of 17 and v.
17
Suppose -5*b - 4*y + 710 = 0, 0 = -b + 2*b - 4*y - 118. Suppose 0 = 5*j + 10, -j = -2*k + b + 34. Calculate the highest common divisor of 17 and k.
17
Suppose 4*c = 14*c - 180. What is the greatest common divisor of c and 54?
18
Let g = -3 + 49. Calculate the greatest common divisor of g and 115.
23
Suppose 5*v - 86 = -6. What is the highest common divisor of 24 and v?
8
Let f = -3 + 5. Calculate the highest common divisor of 16 and f.
2
Let m = -1 - -11. Let k(s) = s**3 + 8*s**2 + 5*s - 8. Let p be k(-7). Suppose 30 = p*h - 3*h. Calculate the greatest common divisor of h and m.
10
Let b be (-3 + 6)*(52/6 - 2). Calculate the greatest common divisor of 20 and b.
20
Suppose -2*y + 3*i - 56 = 0, -y + 3*i - 2*i = 26. Let g be (-862)/y - 2/11. Let t = g + -27. Calculate the greatest common factor of 6 and t.
6
Suppose 73 = -j + 77. What is the highest common divisor of j and 16?
4
Let v be (99/(-2))/((-3)/8). Let i be ((14/(-4))/(-7))/((-2)/(-48)). Calculate the highest common divisor of i and v.
12
Let m(s) = -s**3 + 5*s**2 + 7*s - 5. Let z be m(6). Let q = -32 + 176. Let h be -1 + z - q/(-3). What is the greatest common divisor of h and 6?
6
Suppose -270 - 135 = -3*x. What is the highest common factor of 15 and x?
15
Suppose 0 = -0*v - 4*v. Suppose -2*r - 4*o = -o + 8, -5*r + 3*o + 22 = v. Let x be 39 + 2 + (-2)/r. Calculate the greatest common factor of x and 5.
5
Let b be (-5454)/(-90) + 3/(-5). Calculate the greatest common divisor of 15 and b.
15
Suppose -4*x - s + 308 = -3*s, -4*x - 3*s = -298. Let j = x + -46. Suppose -2*z + 18 = z. What is the greatest common factor of z and j?
6
Let z(y) = -6*y**3 - 2*y**2 - 2*y - 3. Let d be z(-2). Let b = d + -8. What is the greatest common divisor of 22 and b?
11
Let q be (3/(-2))/(4/(-8)). What is the greatest common divis